ighest common divisor of c and g?
14
Let z(i) = -39*i + 265. Let x be z(6). Suppose -918 = -x*h - 3*h. What is the greatest common divisor of 90 and h?
9
Let p be (6 + -7)/((-1976)/1968 + 1). What is the greatest common factor of 943 and p?
41
Suppose 395*c - 658 = 393*c + 3*g, 5*c = g + 1619. What is the highest common divisor of c and 95?
19
Suppose 18*d - 153324 - 38556 = 0. What is the greatest common factor of d and 328?
164
Suppose v = y - 21, -46 = -2*y + 6*v - 3*v. Suppose -12*w + 696 = y*w. What is the greatest common divisor of 6 and w?
6
Suppose 2*v + 53691 = 3*i, -2*i - 75*v = -79*v - 35810. Calculate the greatest common divisor of 29 and i.
29
Suppose -117*q + 89*q + 4704 = 0. Suppose -3*d - 205 = -8*d. Suppose -2*h = -5*m - 22, h - m - d = -6*m. Calculate the highest common divisor of q and h.
21
Suppose 39 = 2*n - 1. Suppose 6*y + 2*p + 6 = 8*y, y + 4*p = -12. Suppose 6*v + 25 - 73 = y. Calculate the highest common divisor of n and v.
4
Let p be ((-6)/6)/((-1)/6). Let o(d) = 15*d + 458. Let i be o(-28). What is the highest common factor of p and i?
2
Let o be (0 + 1)*(-20)/(-4) + (6 - -74). What is the highest common divisor of o and 235?
5
Suppose 3*q + q = -g + 222, -653 = -3*g + q. Let h = g - 216. Calculate the greatest common factor of h and 1.
1
Let f(v) be the first derivative of 7*v**3/3 - 2*v + 1. Let z = 1051 + -1053. Let x be f(z). Calculate the highest common factor of 78 and x.
26
Suppose -89*i + 678584 = 182*i. What is the highest common divisor of i and 32?
8
Suppose 5*b - 85210 = 5*o, 5*b - 33754 - 51424 = o. What is the highest common factor of b and 102?
102
Suppose -4*d - 4*l = -34652, -52*l + 34636 = 4*d - 50*l. Calculate the highest common factor of d and 5.
5
Let i(z) = 3*z**2 + 146*z - 143. Let p be i(1). Suppose q - 2*w = 5, 4*q - 55 = -0*w + w. Calculate the highest common factor of p and q.
3
Suppose -1120 = -28*a - 224. Suppose -3*n = n + 24. Let v be n/8 - (-2590)/40. Calculate the greatest common divisor of a and v.
32
Suppose 5*w = 2*p - 21, 5*w - w + 15 = p. Let s be (1 - 29/w)*78/26. Calculate the highest common factor of 272 and s.
16
Let l = 7 + 4. Suppose -3*a + 2*q = -l, 5 = 4*a - 3*q - 10. Suppose -g + 2*y + 16 = 0, -2*g + 13 = -a*y - 15. Calculate the greatest common divisor of 64 and g.
8
Let u(t) = 1107*t - 16587. Let h be u(15). Let f(l) = -17*l + 3. Let r be ((-1)/2)/((-2)/(-12)). Let z be f(r). Calculate the highest common factor of z and h.
18
Suppose -17*z + 29822 + 17030 = 0. Suppose -29*q + z - 204 = 0. What is the highest common divisor of 66 and q?
22
Let p be (5/(-40)*0)/(-2). Suppose 0*n = -4*n + 2*u + 150, 3*u + 15 = p. What is the highest common divisor of 385 and n?
35
Let w be ((-2*1)/6)/(82/82410). Let g = 344 + w. What is the highest common divisor of 171 and g?
9
Suppose 4*n - 5 = 3*u - 3, 3*n + 3*u - 12 = 0. Let j be -1*((n - 0)*-7)/1. Let i be (-1*j/4)/(3/(-96)). What is the greatest common divisor of 16 and i?
16
Let b(z) = 2*z**2 - 7*z + 10. Let y be b(6). Let a = y - 35. Suppose r + 3*k - 17 = 22, -3*k - 96 = -2*r. What is the highest common factor of a and r?
5
Suppose 0 = -70*p + 87*p - 3795 + 888. Calculate the highest common factor of 323 and p.
19
Let z = -1826 - -2745. Let n = z + -673. What is the greatest common divisor of 12 and n?
6
Let g be (-1 + 1119)*((-9177)/(-42))/23. What is the highest common divisor of 247 and g?
247
Suppose 5*h - 88 + 38 = 0. Let b = 25 - 21. Suppose b*w = -0*u - 5*u + 42, 3*u - 28 = -w. Calculate the highest common factor of u and h.
10
Let w(n) = 13*n**2 + 25*n - 110. Let c = -520 + 530. Let d be w(c). What is the greatest common divisor of 45 and d?
45
Let f be 14/2 - (-84)/(-28). Let s be (-75)/(-20) - f/(-16). Calculate the highest common factor of s and 6.
2
Suppose 57*h - 4264 = -47*h - 728. Calculate the highest common divisor of h and 1751.
17
Let y(b) = -16 - 68 + 43 - 4*b. Let z be (-9)/(54/48)*2. Let j be y(z). What is the greatest common factor of 23 and j?
23
Let s = -17 + 20. Let d(r) = r**3 - 8*r**2 + r. Let i be d(8). Suppose -13*a = -i - 31. Calculate the highest common divisor of a and s.
3
Suppose 12 = 2*c + 6. Suppose 48 = 6*s - c*s. Let d(a) = 2*a**3 - 16*a**2 - 34. Let u be d(9). Calculate the greatest common factor of u and s.
16
Let w = -339 + 343. Let t(r) = -r**3 + 3*r**2 - 2*r + 28. Let s be t(w). What is the highest common divisor of 44 and s?
4
Let u be ((-960)/(-140))/(1/(-91)). Let h = -448 - u. What is the greatest common divisor of 16 and h?
16
Let h(c) = -c**3 + 9*c**2 - 9*c - 1. Let v be h(7). Let y(m) = 7*m**3 + 359*m**2 + 102*m + 34. Let r be y(-51). What is the greatest common divisor of r and v?
34
Let m(p) = p**2 + 91*p + 1522. Let h be m(-22). Calculate the greatest common factor of h and 78.
2
Let i be -44*37/(8954/(-44)). Calculate the highest common factor of 103 and i.
1
Let f be (-1)/((-1)/(-390))*12/(-8). Suppose -496*l + 509*l - f = 0. Calculate the highest common factor of 20 and l.
5
Let y(q) = -q**3 - 11*q**2 + 13*q + 12. Let s be y(-12). Let g be (12/(-18))/((-2)/3). Let w be (28/g)/1 + s. Calculate the greatest common divisor of 42 and w.
14
Let d = 2966 + -2958. Calculate the highest common factor of 220 and d.
4
Let l(v) = -v**3 + 25*v**2 - 83*v + 11. Let f be l(20). Calculate the highest common factor of 169 and f.
13
Suppose -5*p + 5*z + 10830 = 0, 66*p - 3*z - 2174 = 65*p. What is the highest common factor of p and 470?
94
Suppose -3*z + z - p = -33, z + 3*p = 19. Suppose 0 = l - z - 12. Calculate the greatest common divisor of l and 126.
14
Let t = 3564 - 3546. Calculate the highest common factor of 261 and t.
9
Let q be 6*4/(-12) + 4. Suppose 2*r = -2*l + 5*l - 13, l = 5*r. Let y = 3 - r. What is the greatest common divisor of q and y?
2
Suppose 4*d = -4*v + 76, -3*v - 4*d - d = -59. Suppose 3*z = -12, r + 5*z + v = -r. Calculate the greatest common divisor of r and 3.
1
Suppose -60*i = -97 - 23. Suppose i*y - 4 = 30. What is the greatest common factor of y and 289?
17
Let q be 100 + 8*-5*1/(-50)*-5. Calculate the greatest common factor of q and 99.
3
Let r(b) = b**3 + 7*b**2 - 2*b + 4. Suppose -5*h = 4*l + 50, -3*h = -5*l + l - 2. Let t be r(h). Let v = t + 13. What is the greatest common factor of 26 and v?
13
Let w be 60/12 + -6*5. Let a = 58 + w. Let g be (-42)/4*44/(-6). What is the greatest common divisor of g and a?
11
Let u = 583 - 793. Let p = 306 + u. Calculate the highest common divisor of p and 56.
8
Suppose f - 265 - 202 = -148. What is the greatest common factor of 58 and f?
29
Let f = 328 - 539. Let v = f + 261. Calculate the greatest common divisor of 25 and v.
25
Suppose -16*y = -62 + 30. Let c be 73/y*(13 - 10/(-2)). Calculate the highest common factor of 73 and c.
73
Let l(c) = -c**3 - 2*c**2 - 5*c + 4. Let b be l(-4). Suppose -40*s + 66 = -3134. What is the greatest common divisor of s and b?
8
Suppose -4*w = 3*t - 308, -2*t + 2*w + 177 = -w. Let b be (-2*4/(-14))/(82/861). Calculate the highest common factor of t and b.
6
Let i(g) = g**2 + 11*g - 8. Suppose -5*c - 15 = 0, 305 = 3*l + l + c. Let j = l + -89. Let q be i(j). Calculate the highest common factor of 20 and q.
4
Let m(r) = 6*r**2 - 12*r - 590. Let s be m(-27). Calculate the highest common divisor of 52 and s.
52
Let k = -1813 - -1838. What is the highest common divisor of k and 265?
5
Suppose 0 = -8*c + 588 - 309 + 3361. Calculate the greatest common factor of c and 25.
5
Let v = 11808 - 11508. What is the greatest common factor of v and 13275?
75
Suppose -4*a = z - 1269, 559 = 2*a - z - 74. Let r = a + -177. What is the highest common factor of 20 and r?
20
Let u(x) = 4*x**2 + 134*x + 520. Let w be u(-4). What is the highest common factor of 19128 and w?
24
Let t(s) = 2*s**2 + 7*s - 35. Let z be t(13). Suppose 3*o - 4*v - z = 0, -4*o + 5*v - 8*v + 492 = 0. What is the greatest common divisor of o and 14?
14
Let o be 28890/150 + (-6)/(-15). Calculate the greatest common divisor of 1 and o.
1
Suppose 15*h - 7*h = 984. Suppose -2*u - h = -153. What is the greatest common divisor of u and 65?
5
Let w = -7904 - -8272. What is the greatest common factor of 92 and w?
92
Let p = 92 + -57. Let q(u) = -12*u - 257. Let v be 8/(-14) + -10 + (-356)/14. Let s be q(v). Calculate the highest common di